4
Suppose -669 = 9*l - 10*l. What is the tens digit of l?
6
Let h(u) = -17*u**2 + 4*u**2 + 19*u + 2*u**3 - u**3 - 16 - 6*u**2. Let t be h(18). Suppose t*l = 41 + 29. What is the tens digit of l?
3
Let h = -2077 - -2943. What is the units digit of h?
6
Let q be 1*(-3)/(9/(-12)). Suppose 4 = -q*k - 8, 3*m + 3*k + 6 = 0. What is the tens digit of (-1 + 0)*-36*m?
3
Suppose 3*c + 2*h = 7*c - 4592, -4*h - 2284 = -2*c. What is the hundreds digit of c?
1
Let s = -5120 - -8623. What is the hundreds digit of s?
5
Let y be 301*2*((2 - -4) + -4). Suppose -16*c = -9*c - y. What is the tens digit of c?
7
Let a = -129 - -115. What is the hundreds digit of 22524/84 + 2/a?
2
Suppose -13*h = 9*h - 5346. What is the units digit of h?
3
Let s(r) = r + 4. Let q be s(-5). Let m(g) be the first derivative of -5*g**4 - 2*g**3/3 + g + 11. What is the tens digit of m(q)?
1
Suppose 2*f = -p + 173 - 29, 5*f = 3*p - 421. What is the hundreds digit of p?
1
Let k(i) = -129*i - 1. Let w be k(-1). Suppose -2*j + w = -3*g - 17, 3*j + 150 = -3*g. Let t = -29 - g. What is the tens digit of t?
2
Suppose -2 - 4 = -q + 2*n, 3*n = 0. Let y = 9 - q. Let o(b) = 22*b - 3. What is the units digit of o(y)?
3
Suppose h + 2*h + 9 = 0. Let i be h/15 + 243/15. Let n = 36 - i. What is the units digit of n?
0
Let z(t) = t**3 + 15*t**2 - t - 9. Let d be z(-15). Let n = -1 + d. Suppose -3*v + 74 = -0*v + 5*l, n*v - 5*l - 110 = 0. What is the tens digit of v?
2
Let u = -192 + 312. What is the hundreds digit of u?
1
Suppose 3*g = 18*g. Suppose -18*p + 2*p + 528 = g. What is the tens digit of p?
3
Let z(h) = 5*h + 2. Suppose 2*s - 4*w = -8, 2 = -3*s + 3*w + 5. Let a(v) = -6*v - 3. Let g(x) = s*z(x) + 7*a(x). What is the units digit of g(-7)?
5
Suppose 16 = -4*g, -2*l + 2*g = 6*g + 4. Suppose -375 = -l*f - 39. What is the units digit of f?
6
Let q = -130 + 117. Suppose 3*x = -39 - 27. Let c = q - x. What is the units digit of c?
9
Let s(j) = -37*j + 130. What is the units digit of s(-13)?
1
Let g(l) = 4*l**2 + l - 1. Let q be g(-3). Let x be (q/(-20))/(2/10). What is the tens digit of 6/(2 - 0) - x?
1
Suppose 141*j - 161250 = 66*j. What is the tens digit of j?
5
Let w(r) = r**3 - 10*r**2 + 2*r - 15. Let t be w(10). Let k = -3 + t. Suppose 144 = z + k*z. What is the units digit of z?
8
Let l(d) = -6*d + 3. Let g(a) = -2*a**3 + 6*a**2 - 2*a - 8. Let n be g(4). Let z be 2/8 + 540/n. What is the tens digit of l(z)?
6
Suppose 0 = 17*f + 18*f - 24080. What is the tens digit of f?
8
Suppose -5*x + 4*x - 5*l = 27, 5*l + 35 = -5*x. Let h be x + 93/6*4. What is the tens digit of (4/(-6))/((-2)/h)?
2
Let x(n) = n**3 - 2*n**2 + 4*n - 3. Let p(u) = -u**3 - 5*u**2 + 2. Let q be p(-5). Let a be (2/4*8)/q. What is the units digit of x(a)?
5
Let j(i) = 167*i + 12. What is the tens digit of j(4)?
8
Suppose -438 - 273 = -3*r. What is the units digit of ((-1)/(-3) + -1)/((-2)/r)?
9
Let f(k) = 143*k**2 - 56*k + 175. What is the thousands digit of f(3)?
1
Suppose 2*o - 130 = -3*f + f, -3*o + 4*f + 160 = 0. What is the tens digit of o?
6
Suppose -b + 19 = -7. Suppose 3*h = 6, 2*n = 6*n - 2*h - 8. Let g = b - n. What is the units digit of g?
3
Let r be -32 + 36 + (0 + 0 - 1). Suppose 2*p - 3*m = 16, 3*m = -6 - 6. Suppose 2*a - 105 = -p*v - r*v, -105 = -5*v - a. What is the tens digit of v?
2
Let t = -251 - -405. Suppose 27*f - t = 25*f. What is the tens digit of f?
7
Suppose 8*a + 1816 - 11368 = 0. What is the tens digit of a?
9
What is the thousands digit of (102/(-24))/(4/(-4480))?
4
Suppose -17 = -6*t + 7. Suppose 5*w - 9 = t*y, 3*y + 2*w - 37 = -3*w. Suppose -149 = -y*q + 5*g, -q = q - 3*g - 73. What is the tens digit of q?
4
Suppose 0 = 8*j - 2234 - 374. Suppose -j = -7*x - 53. What is the units digit of x?
9
Let c = -512 - -864. Suppose -3*f = -c + 97. What is the tens digit of f?
8
Suppose l = -3*r + 636, 5*l - 2*r = r + 3162. What is the units digit of l?
3
Let l(h) = -2*h**3 - 7*h**2 - 4*h + 56. What is the tens digit of l(-6)?
6
Let c(a) = -a**3 + 3*a**2 + 4*a. Let f be c(4). Suppose f = 6*b - 9*b + 330. What is the hundreds digit of b?
1
Suppose 5*i + 5*o = 5205, -15*o + 1053 = i - 10*o. What is the tens digit of i?
3
Let v be -1 + (-3)/(-4) - (-58)/8. Suppose m - 4*m = -b + v, -b - 3*m + 31 = 0. What is the tens digit of b?
1
Let g = -542 - -755. What is the tens digit of g?
1
Suppose -3*r + 232 = -353. Suppose -2*c + r = d, -c + 0*c - 415 = -2*d. What is the hundreds digit of d?
2
Let n = 173 - 93. What is the tens digit of n?
8
Suppose -4*b + 468 = 5*j - 5*b, 0 = -5*j + 4*b + 477. Suppose 20 - j = -i. What is the tens digit of i?
7
Let u be -19*((-28)/8)/(-7)*40. Let h = u + 553. What is the units digit of h?
3
Let y(i) = -48*i - 4. Let h be y(-2). Let p = -42 + h. What is the units digit of p?
0
Let r be 3/(-3) + 6 - (6 - 6). Suppose -900 = -r*l - 250. What is the hundreds digit of l?
1
Let j(s) = s - 5. Suppose 2*c = 3*c - 7. Let p = -1 + c. What is the units digit of j(p)?
1
Let f(c) = -c + 7. Let m be f(9). Let z be (-6)/(-2) + m - -4. Suppose -z*n = -0*n - 190. What is the tens digit of n?
3
Let z(n) = 10*n**2 - 1. Let q be z(-1). Suppose 5*m = 11 + q. What is the units digit of m?
4
Let l be ((-651)/(-28))/(2/56). Let x be (2/3)/(10/15). What is the units digit of (x/3)/(7/l)?
1
Let k be (-1)/(12/8) - 136/(-6). Suppose -k = -i + 7. What is the units digit of i?
9
Let h be (0/(0 - -4))/(-1). Suppose -3*w = -15, h = -3*i + 5*w + 216 - 19. Suppose 2*u + 0*u - i = 0. What is the units digit of u?
7
Let s(b) = 4*b**2 - 4*b - 11. Let o(y) = -7*y**2 + 9*y + 23. Let d(t) = 3*o(t) + 5*s(t). What is the units digit of d(6)?
0
Let f(o) = o - 2. Let j(x) be the third derivative of x**4/24 - x**3/6 - 6*x**2. Let l(z) = 6*f(z) - 5*j(z). What is the units digit of l(8)?
1
Suppose -103 - 33 = -a. What is the tens digit of a?
3
Let z(t) = -4*t + 30. Let a be z(7). Suppose 4*h - a*w = -w + 19, -2*h - 4*w - 4 = 0. What is the units digit of h?
4
Let u(q) = -41*q - 1. Let c(l) = -124*l - 4. Let d(x) = 2*c(x) - 7*u(x). Let y be d(1). Suppose 4*v = y - 6. What is the units digit of v?
8
Let d = -721 + 1166. What is the hundreds digit of d?
4
Suppose -4*m = 16, -3*t - m = -1 - 4. Suppose -y = -6 - 4. Suppose 4*h + t*p = 41, -h + p - y = -2*h. What is the tens digit of h?
1
Let h be (-175)/42 + (-2)/(-12). What is the units digit of (-552)/(1 + h) + 1?
5
Let o = 15 - 15. Suppose 5*x - 53 + 3 = o. Let a = x + -9. What is the units digit of a?
1
Let u(r) = r**2 - 4*r + 5. Suppose 10 = -6*m - 20. What is the tens digit of u(m)?
5
Let a(z) = 14*z**2 - 8*z + 1. Let h be a(3). Suppose u = -0*u + h. What is the tens digit of u?
0
Let t be (3/(-3) - -5) + -1. Suppose -5*c - 1 + 11 = 4*z, -t = -z - c. Suppose 0 = -2*m + 2*v + z + 21, 89 = 5*m + v. What is the units digit of m?
7
Let i = 1985 + 488. What is the units digit of i?
3
Let y be 66/(-10)*(-15)/(-3). Let f = 17 - y. What is the units digit of f?
0
Let n(v) = v**3 + 12*v**2 - v + 13. Let m be n(-12). Let p = 11 + m. What is the tens digit of p?
3
Let y = -109 + 185. Suppose 2*l - p = p + y, -3*p + 22 = l. What is the tens digit of l*1*4/8?
1
Suppose 3*h + 9 = 2*b, -4*h + 5 = b + 2*b. What is the hundreds digit of (20/15)/(b*(-6)/(-1539))?
1
Let k = -3029 - -6166. What is the hundreds digit of k?
1
Suppose 2*b = -2*l + 1740, 13*l - 16*l = -12. What is the units digit of b?
6
Suppose 4*i - 4*a = 2020, 2*i + a - 1014 = 5*a. What is the tens digit of i?
0
Suppose 0 = -2*o + d + 357, -3*o + 2*d = -185 - 350. Suppose -4*i + 189 + o = 0. What is the tens digit of i?
9
Suppose 8*a - 1574 - 8770 = 0. What is the units digit of a?
3
Let v be 4 + (-16)/(-2 + 6). Suppose v = 3*p - 6 - 3. Suppose p*a - a - 128 = 0. What is the tens digit of a?
6
Suppose 3*l + 0*l + 733 = t, -2199 = -3*t - 5*l. What is the tens digit of t?
3
Suppose -10*b + 333 = -b. Suppose b*l - 34*l = 765. What is the hundreds digit of l?
2
Let z(u) = u + 4. Let l be z(-3). Let h = l - -3. Suppose -12 - 3 = -3*c, -h*c + 32 = v. What is the tens digit of v?
1
Suppose 0 = -66*v + 69*v - 3258. What is the units digit of v?
6
Suppose -20 + 20 = -2*n. Let c(l) = -l**3 - l**2 - l + 17. What is the tens digit of c(n)?
1
Suppose -n - 3*n + 969 = i, -2*i = 4*n - 974. What is the tens digit of n?
4
Suppose -4*r = 6 - 26. Suppo